o(3). Determine h(n).
-36
Let s = -137 - -132. Let f(a) = a**3 + 6*a**2 + 6*a + 4. Determine f(s).
-1
Let g(f) = 2*f**3 - 7*f**2 + 2*f + 3. Let v(n) = n**3 - n**2 + n. Let a(b) = -g(b) + 3*v(b). Suppose 4*m + 42 = 30. Give a(m).
3
Let v be (-1 + (-57)/(-45))/(8/20). Let z(y) be the first derivative of 1/4*y**4 + 4*y + 1 - 3/2*y**2 + v*y**3. Determine z(-3).
4
Let c = 34 + -37. Let y(u) be the second derivative of -u**3/2 + u**2 - 2*u. Calculate y(c).
11
Let o be 1 + (-1 + -1)/2. Let t(p) be the second derivative of 0 + 1/12*p**4 - 1/6*p**3 - 6*p**2 + 5*p. Give t(o).
-12
Suppose -5*q + 46 - 1 = 0. Let i = 12 - q. Let z(c) = -2*c**2 + 5*c - 3. What is z(i)?
-6
Let r(k) = k**3 - 5*k**2 + 8*k - 5. Let p be r(3). Suppose -2*y = -5*y - 5*t - 2, -4*y - 3*t + 1 = 0. Let q(n) = -y - 6 + n + p. Calculate q(4).
-2
Let o(t) = 0 - 7*t**2 + 2 + 0*t**2 - 1. Suppose 0 = -h - 2*h + 3*y, 5*y = 15. Suppose -5*j + 8 - h = 0. Determine o(j).
-6
Let z(i) = 1 - i**2 - 1 + 6*i. Suppose 12 = 40*j - 148. Give z(j).
8
Let s(a) = -a**2 - a + 1. Let o(q) = 5*q + 3. Let m(u) = -o(u) - s(u). Calculate m(5).
1
Let u(t) = 7*t**3 - 12*t**2 - 8*t + 5. Let i(v) = 20*v**3 - 35*v**2 - 24*v + 14. Let o(r) = -6*i(r) + 17*u(r). Let h = -70 - -77. Calculate o(h).
8
Suppose 0 = 2*m - 3*m - 1, -5*n + 5*m + 20 = 0. Let v(l) be the first derivative of 0*l**2 + 3*l - 1/3*l**3 + 5. Give v(n).
-6
Suppose -5 = 2*z - 35. Let v(u) = -u**2 + 14*u - 8. Give v(z).
-23
Let g(o) = -3*o**3 + 17*o**2 - 15*o + 28. Let q(u) = -2*u**3 + 9*u**2 - 8*u + 14. Let x(c) = -3*g(c) + 5*q(c). What is x(-7)?
0
Let g = -281 - -279. Let k(c) = -4*c**3 + 2*c**2 + 1 - 2*c + 5*c**3 + 0*c. Determine k(g).
5
Let m(x) = -4*x + 1. Let z(c) = 3*c - 1. Let a(d) = 5*m(d) + 7*z(d). Suppose -4*g = -k - 102 - 13, -5*k - 99 = -3*g. Suppose -g = f - 5*f. Determine a(f).
5
Let g(s) = -s**2 - 3*s**3 + 356*s + 1 - 713*s + 356*s. What is g(1)?
-4
Let r(v) be the third derivative of -v**4/6 - 4*v**3/3 - 6*v**2. Let b be r(-4). Let t(f) = f**3 - 9*f**2 + 10*f - 11. Give t(b).
5
Suppose r + 4*x - 5 = 0, 4*r - 4*x + 29 = 9. Let d(t) = 4*t - 4. Give d(r).
-16
Let c(i) = 2*i**2 - 1. Let p(t) = t**3 + 5*t**2 + 10*t - 12. Let m(y) = -6*c(y) + p(y). Give m(6).
18
Suppose 4*d - a - 291 = 4*a, 294 = 4*d - 2*a. Let v = -75 + d. Let j(b) = -12*b**2 + b + 1. Give j(v).
-12
Suppose -4*y - y = -15. Suppose -y*b + 3 = -4*v, -20 - 7 = -4*v - 3*b. Let x(r) = -2 + 4*r**2 - 2*r - 5*r**3 + 4*r**3 - 1. Give x(v).
0
Let p(v) be the third derivative of 0*v + 1/20*v**5 + 0 - 1/8*v**4 - 8*v**2 + 1/3*v**3. Calculate p(2).
8
Let z = -12 - -15. Let h(n) = -4*n**2 + 3 + 3*n**2 + 3*n**2 - n**z. Let r be (45/60)/((-1)/(-4)). Determine h(r).
-6
Let g be 22/(-4) + (-1)/(-2). Let b(y) = -13*y - 7. Let f(a) = -24*a - 14. Let o(k) = -11*b(k) + 6*f(k). What is o(g)?
-2
Let a(q) = 5 + 5 + 10*q - 4 - 2*q**2 + 4*q**2. Calculate a(-6).
18
Let g(n) = -63*n**2 + 5*n. Let d(a) = a. Let o(z) = 5*d(z) - g(z). Let k(r) be the first derivative of -6*r**3 - 5. Let s(q) = 18*k(q) + 5*o(q). Determine s(1).
-9
Let x(t) = -t**2 + 7*t - 3. Let y(r) = -9*r + 10. Let b be y(-2). Let f = b + -22. What is x(f)?
3
Let f(w) = -6*w + 5. Let z(y) = -y - 1. Let o(g) = -f(g) - 3*z(g). Give o(2).
16
Let p(l) = -5*l**3 + 2*l**2 + 12*l + 4. Let w(n) = -6*n**3 + 4*n**2 + 15*n + 3. Let z(x) = -5*p(x) + 4*w(x). Give z(-7).
-57
Let x = 140 - 142. Let h(w) = 5*w - 7. Let n(v) = 3*v - 7. Let q(s) = x*h(s) + 3*n(s). What is q(-11)?
4
Let p(w) = -w**3 - 4*w**2 + 6*w + 5. Suppose 4*m + 4*f = 40, -2*m = -m - 5*f + 2. Let g be (-3 + m)/(3/(-3)). Determine p(g).
0
Let z = -21 + 7. Let u be 22/77 - 38/z. Let o(y) = -2*y - 4. Give o(u).
-10
Let i(l) = -15 + 35 + l - 25. What is i(7)?
2
Suppose 3*l - q = -6 + 1, 4*q = l - 2. Let o(d) = d**2 - 8*d - 7. Let s be o(9). Let t(w) = -4*w**2 + w**3 + 8*w**s - 1 + 0. What is t(l)?
7
Let y(n) = -n. Let f = 7 - 3. Suppose f*r = r - 3*d - 15, -2*r = 3*d + 10. Let c = r + 5. Give y(c).
0
Suppose 3*a + a = 8. Suppose 7*q + a = -33. Let v(z) = z**2 + 4*z - 5. Give v(q).
0
Let y = 8 + -5. Let g(n) = 17 + 20 + 28 - 66 + n. Determine g(y).
2
Let g(s) = -11*s + 18. Let b(c) = 4*c - 6. Let l(m) = 8*b(m) + 3*g(m). Let h be (1 - (-4)/(-8))/(8/80). Calculate l(h).
1
Let p = 4 + -7. Let r be 2/(-8) - ((-212)/16 - 0). Let a(x) = -8 + 12*x + 9 - r*x. Determine a(p).
4
Let r be 2/4*(-24)/(-2). Let b(p) = 0 - 1 + 24*p + 25*p - 48*p. Let m(c) = 4*c + 1. Let o(y) = r*b(y) - m(y). Give o(5).
3
Let y be (9 + (-30)/4)/(1/2). Let k = 2 + -1. Let t(h) = -2 + h + k + 0. What is t(y)?
2
Let m(d) = d**3 - 13*d**2 - d + 16. Suppose 99*r = 2*j + 104*r - 1, -2*r + 29 = 3*j. Calculate m(j).
3
Suppose 43*u = 56*u + 39. Suppose 0*w + 21 = -3*w. Let g = w - u. Let c(h) = h + 4. Give c(g).
0
Let w(x) = x**2 - 5*x. Let b = -37 - -27. Let n be (-14)/(-5) + (-2)/b. Give w(n).
-6
Let v(h) = h**2 - 3*h + 5. Suppose -5*i + r = -12, -2*r = 32*i - 29*i - 2. Calculate v(i).
3
Let c(y) = 11*y + 2. Let q(j) = -j**3 + 3*j**2 + 2*j + 1. Let r be q(0). Give c(r).
13
Let y(g) = -g - 1. Let v be y(-2). Let u(f) be the first derivative of 2*f**3/3 + 4*f + 5. Let o(l) be the first derivative of u(l). Give o(v).
4
Let s(q) = -2*q**2 + 1. Let n = 18 - 10. Suppose n*x - 75 = 3*x. Let w = x + -14. What is s(w)?
-1
Let v be (-6)/(-12)*14*1. Let r(b) = -2*b + 13. Let h be r(v). Let j(z) be the second derivative of 2*z**5/5 + z**4/6 + z**3/6 - 8*z. Determine j(h).
-7
Let p = 0 - 6. Let t(g) = -5*g - 10. Let l(o) = 4*o + 9. Let i(x) = 4*l(x) + 3*t(x). Let h(j) = 2*j + 11. Let n(d) = -2*h(d) + 5*i(d). Give n(p).
2
Let d(r) be the first derivative of r**4/4 + r**3/3 + r**2 + 4*r - 153. What is d(-2)?
-4
Let b be (-54)/14 + (-5)/35. Let r be ((-3)/1)/(-8 - -7). Let s(t) = t + 2 - r*t + t + 0*t. Calculate s(b).
6
Suppose 7*t - 6*t - 50 = 0. Let s = -56 + t. Let i(c) = -2*c - 5. Calculate i(s).
7
Let o(f) = 4*f + 2 + 3 - 3 - f**2. Let n be o(4). Let u(y) = 2*y**2 - 5*y**n + 0*y**2 + 3 + 2*y**2. Give u(-3).
-6
Let q(b) = 8 - 20*b + 33*b - 15*b - 7. Calculate q(-1).
3
Suppose -4*t = -2*y + 14, 0 = -2*y + 3 + 7. Let m(d) be the first derivative of 4*d**3 - d - 76. Determine m(t).
11
Let r(s) be the second derivative of -s**3/2 - 5*s**2/2 + 3*s. Suppose -5*l - 20 = 0, 3*g - 3*l - 8 = -38. Let x = 10 + g. Determine r(x).
7
Let j(d) = 22*d + 15. Let s(p) = 41*p + 33. Let b(f) = 7*j(f) - 4*s(f). Calculate b(-3).
3
Let c(g) = 7*g - 1. Let o(m) = -15*m + 2. Let y(b) = -5*c(b) - 2*o(b). Determine y(-1).
6
Let t(l) = 6*l + l**2 + 3 - 2*l + l. Let h = 11 + -1. Suppose -h*o = -7*o + 12. Give t(o).
-1
Let i(p) = 6*p. Let t = -75 - -80. Suppose -v + 2 = 3*r + 3, 5*v + t = -3*r. What is i(v)?
-6
Let f(o) = -4*o**2 + 2*o - 1. Let v be (-2 + (-21)/(-9))*-111. Let l = 38 + v. Give f(l).
-3
Let r(t) = -t**2 - 7*t - 1. Suppose 4 = 4*w + 4*l, 3*w + l + 0 - 3 = 0. Let x be (1 - w - 2) + -36. Let p = x - -33. What is r(p)?
9
Let s = -383 + 385. Let i(b) be the third derivative of -1/3*b**3 - 3*b**s + 0 + 1/12*b**4 + 0*b. Give i(4).
6
Let k = 492 + -499. Let y(n) be the third derivative of n**5/60 + 5*n**4/12 - n**3/3 - n**2. What is y(k)?
-23
Let x be -4 - 3 - (-25 + 23). Let a(u) = u**2 + 2*u - 5. What is a(x)?
10
Let h(p) = p**2 - 16*p**3 + 9*p**3 + 34*p**3. Calculate h(1).
28
Let g(l) be the third derivative of l**4/12 + 14*l**3/3 + 609*l**2. What is g(-12)?
4
Suppose w + 3 = -2*g, g + 3*w - 6 = -0*g. Let y = -4 + 6. Let n(t) = -4*t - 3 - t**2 - y*t**3 - 3*t**2 + t**3. Calculate n(g).
0
Let a(t) = 10. Let u(x) = x - 21. Let l(p) = -5*a(p) - 2*u(p). Give l(-6).
4
Let b(y) = -y**3 - 5*y**2 + 12*y + 8. Let g be b(-7). Suppose 3*v + 5*q - 11 = 0, q = -2*v + 5*q - g. Let s(z) = z**2 + 4*z - 4. What is s(v)?
-7
Suppose 2*x + 4*y - 12 = 0, 4*y = 3 + 5. Let d(r) = -r**x - 3*r + r + 0*r + 2 + 3*r. Give d(3).
-4
Let z(o) = o**2 + o - 1 - 7*o + 14*o - 8. What is z(-7)?
-16
Let j = -24 + 30. Suppose 7 = -j*k + 1. Let p(s) = 15*s**3 + s**2 - s - 1. Calculate p(k).
-14
Suppose 0 = 4*v + 16, 0 = -3*y - 2*v - 4 + 11. Let r = 9 - y. Let d = -7 + r. Let l(j) = -3*j. Calculate l(d).
9
Let m(x) = -3*x - 6. Suppose 31*w = 143 + 198. What is m(w)?
-39
Let u = -22 - -24. Let c(q) = q**2 - 9*q - 5. Let j(y) = -y**2 + 9*y + 6. Let d(w) = u*j(w) + 3*c(w). Determine d(10).
7
Let h(k)